*h, h - 2508 = -11*q + 6*q. What is the units digit of h?
8
Let t be 8/12 - (-20)/6. Let l be (t - 246*1)*-1. Suppose 3*s + 2*c = -2*c + 250, -3*s - 2*c = -l. What is the tens digit of s?
7
Let w = -63 + 90. Let h = w - 24. Suppose 5*x = h*x + 60. What is the units digit of x?
0
What is the units digit of 148/(-4)*-7 - (-1 + -1)?
1
Let s(o) be the second derivative of -2*o**3/3 - o**2 + 5*o. Let u be s(-1). What is the units digit of (u - 0)*(-3)/(-6)?
1
Let z be ((3213/(-12))/(-7))/((-15)/(-40)). Suppose z = r - 16. What is the units digit of r?
8
Let w(l) = -8 - l + 2 + 7 + 1. Let m be w(-10). Let n = m + 4. What is the units digit of n?
6
Let d(v) = -24*v - 211. What is the tens digit of d(-42)?
9
Let m(t) = 7*t**2 + 2*t - 3. Let x be (-5 + 4 - 44/(-36))*9. What is the units digit of m(x)?
9
Let f(a) = a**3 - a**2 + 1. Let m be (7 + -4)*1/3. Let z be f(m). What is the tens digit of z + (-4)/(-2) + 41?
4
Let c(o) = 10*o**2 - o. Let v be c(1). Let a = v - 2. What is the units digit of (a/(-1) + 3)*-2?
8
What is the units digit of (11/(-3))/((-1)/45) - -1?
6
Let r(f) = 180*f - 18. What is the tens digit of r(3)?
2
Suppose -6*x + 8*x + 9 = 5*j, 0 = 3*j - 3*x - 9. Let g(f) = 261*f**2 - 2*f. What is the hundreds digit of g(j)?
2
Let i(w) = -5*w + 43. Let v be i(8). Suppose 4*m + 0*f - 812 = -v*f, -2*f + 8 = 0. What is the units digit of m?
0
Let p be -4 - (564/3)/4. Let a = 72 + p. What is the tens digit of a?
2
Let v(w) = -w**3 - 3*w**2 - w + 3. Let a be v(-2). Let x be a/((3 + -2)/1). What is the tens digit of (19 + 0)/x - -4?
2
Let w = -7 + 11. Suppose r - 40 = -3*r - 3*u, w = u. Suppose -r = -g - 0. What is the units digit of g?
7
Let l = -187 - -2079. What is the tens digit of l?
9
Suppose -6*d - 1998 = -12*d. What is the units digit of d?
3
What is the hundreds digit of (-54)/(-36)*1*4176?
2
Suppose -25 = -3*j - 7. Suppose -3*s - 18 = -j*s. What is the units digit of s?
6
Let m(c) = c - 3. Let j be m(5). Suppose -3*n = j*n - 270. What is the units digit of n?
4
Suppose -3*r = -3*k - 2*r - 15, 8 = k + 4*r. What is the hundreds digit of ((-458)/k + -1)*(-14)/(-7)?
2
Let b(w) = -6*w**3 - 26*w**2 - 12*w - 12. What is the units digit of b(-6)?
0
Suppose 5*h - 4*h - 2*s = 323, 8 = 2*s. What is the hundreds digit of h?
3
Let h = 59 - 53. Suppose -h*z = -301 + 103. What is the units digit of z?
3
Let z(m) be the first derivative of m**4/4 + m**3 - m**2/2 - 3*m + 4. Let v be z(-5). Let n = v + 74. What is the tens digit of n?
2
Suppose 4*r + 4 = 0, -975 = -2*d + 2*r - r. What is the tens digit of d?
8
Let k be -2*177/6*-1. Let p = -1 + k. Let w = -38 + p. What is the units digit of w?
0
Suppose 812 = 2*o - 206. What is the hundreds digit of o?
5
Suppose 4*f - 179 = -3*z + 260, 3*z = -3*f + 438. Suppose 5*l = -2*g + 89, -2*g - 4*l - z = -5*g. What is the tens digit of g?
4
Suppose 4*g - 5 = 19. Let h = 30 - g. What is the tens digit of h?
2
Let l(q) = -q**2 + q + 5. Let n be l(5). Let u = 19 + n. What is the units digit of (-5)/u*(-24 - 0)?
0
Suppose 11*p = 875 + 2304. What is the units digit of p?
9
Let q = 318 - 156. Suppose -q = -p - 0*p. What is the tens digit of 12/(-36)*p/(-2)?
2
Let i = -87 + 89. Suppose 4*m + 7*v - 3*v = 140, i*v = m - 38. What is the units digit of m?
6
Suppose -6*h - 51 = -7*h. Suppose t - 61 = h. What is the hundreds digit of t?
1
Let l(b) = -b**3 - 18*b**2 - 47*b + 48. What is the thousands digit of l(-20)?
1
What is the hundreds digit of (108/(-189))/(6/(-5943))?
5
Let x be (-3289)/26 + (-1)/2. Let g = -73 - x. What is the units digit of g?
4
Let h(x) = 2*x - 6. Let f be h(-7). Let m = f - -95. What is the units digit of m?
5
Let w(u) = -8*u - 8. Let r be w(-1). Suppose t - 157 = -r*t. What is the units digit of t?
7
Let a be (-6)/(-4) - 4/(-8). Suppose -4 + 0 = -a*h. Suppose -7 = h*t - 17. What is the units digit of t?
5
Suppose 0 = -3*b + 15, 0*p - 5*b - 151 = -4*p. Suppose 4*i + 894 = 7*i. What is the tens digit of (-11)/p + i/8?
3
Suppose 11*v - 16 = 7*v. Suppose 2*x - 122 = -v*a - 28, -5*x - 41 = -2*a. Suppose 14 = f - 4*u - a, -f = -2*u - 35. What is the tens digit of f?
3
Let d be 50/(-13) + 2/(-13). Let h be 4 - 3 - (1 + d). Suppose -2*q + g = -54, 0 = -h*q - q - g + 121. What is the tens digit of q?
2
Suppose 12*n + 20*n = 34016. What is the units digit of n?
3
Let p(a) = 7*a**2 + 25*a - 6. What is the tens digit of p(7)?
1
Let v be 3 - (-1 - 0/(-5)). Suppose 23 = -2*u + v*u + 5*o, 5*o - 11 = u. Suppose n = 2*w - 21, -26 = -2*w + u*n - 2. What is the tens digit of w?
1
Suppose -l + 4*f = 10, -1 = -5*f + 4. What is the units digit of (-338)/l + 26/39?
7
Let j(t) = 42*t**2 - 8*t - 13. What is the units digit of j(-5)?
7
Suppose n = -2*d - d - 8, 5*n + 5*d = -80. What is the tens digit of (n/(1 - 0))/(-1)?
2
Let p = -7 - -26. Let l = -41 - p. What is the units digit of 9/5*l/(-18)?
6
Let b = -44 + 48. Suppose 2*y - 3*m = 8, 0*y - 5*m = y - b. What is the units digit of y?
4
Let y be 112/(-42)*(-3)/2. Suppose -l - 4 + 0 = 0, l = y*p - 156. What is the units digit of p?
8
Suppose -5 - 45 = 5*m. What is the tens digit of (-4)/m + 1141/35?
3
Suppose -3*j + 1461 = -3*p + 5*p, 5*j = -3*p + 2435. What is the hundreds digit of j?
4
Let g be 3621/(-11) - 2/(-11) - -2. Let c = g + 566. What is the units digit of c?
9
Let m be (11 + -12)/(2/(-86))*2. Suppose 9*o + m - 1382 = 0. What is the hundreds digit of o?
1
Suppose 2*u = 0, -17*u + 462 = 2*o - 16*u. What is the hundreds digit of o?
2
Let o be (-26 + 21)/((-2)/4). Suppose -g = -o*g + 675. What is the tens digit of g?
7
Let a(z) = -10*z. Let d be a(-4). Let t = d - -21. What is the units digit of t?
1
Let f(g) be the third derivative of -g**6/120 - 3*g**5/20 - 5*g**4/12 + g**3 - 2*g**2. Let n(x) = 5*x + 42. Let t be n(-10). What is the units digit of f(t)?
2
Let j = -8 - -5. Let u be ((-3 - 8) + j)*-5. Suppose 2*o + 3*g + 36 = 5*o, -5*o - 5*g + u = 0. What is the units digit of o?
3
Suppose 5*n = -2*t + 9331, -12*n + 4*t = -10*n - 3718. What is the tens digit of n?
6
Suppose 5*f + 2*g - 2726 = 0, -5*f = -g - 1852 - 880. What is the hundreds digit of f?
5
Let o = -3 + 4. Let f(d) = -11*d**2 - 1. Let s be f(o). Let y = s - -45. What is the tens digit of y?
3
Suppose 7*t - 138 = 6*t. What is the units digit of t?
8
Let l be (3 + (-3)/1)/(-2). Suppose 3*v - 2*v - 5 = l. Suppose 0 = -v*i + 56 + 214. What is the units digit of i?
4
Suppose 3*a + 2 = -p, 2*a = 5*p - 0 + 10. Suppose a = -3*n - 2 - 1. What is the units digit of (-1 - 0)*n*7?
7
Let a = 42 - 40. Suppose -a*v - 89 = -b, -33 = -5*v - 8. What is the tens digit of b?
9
Suppose -2375 = -4*m + 4269. What is the hundreds digit of m?
6
Let w = -915 + 1279. What is the units digit of w?
4
Suppose -4*x = -3*x + 2*m + 3, -6 = -4*x - 2*m. Suppose 3*y = 4*y - x. Suppose 26 = -y*z + 89. What is the tens digit of z?
2
Suppose 34*t = 31*t + 21. Let c = 19 + -11. Suppose 0 = -5*g - 0*g + 2*n + t, c = 4*g - 4*n. What is the units digit of g?
1
Let k = -9 - -5. Let f(c) = 4*c + 16*c**2 - 13*c**2 - 2*c**2 + 1 - c**3 - 2*c**2. What is the units digit of f(k)?
3
Let q = 788 + -442. What is the hundreds digit of q?
3
Let f = -104 + 312. Suppose 0 = 6*m - f - 14. What is the tens digit of m?
3
Let d(m) = -m**3 - 6*m**2 + 22*m - 13. Let c be d(-11). Let r = c + -200. What is the tens digit of r?
5
Suppose -2*y + 3*f = -167, 191 = 2*y + 9*f - 4*f. What is the tens digit of y?
8
Let w(r) be the third derivative of -7*r**4/24 + 13*r**3/2 - 6*r**2. What is the hundreds digit of w(-9)?
1
Suppose 0 = 3*n - 4*t - 3, 0 = n - 2*t - 0 + 1. Suppose 3*r - 14 = -n. Suppose -r*b - u = -190, 2*u - 49 = 3*b - 227. What is the tens digit of b?
6
Let g(w) = -6*w**2 - 2*w**3 + w**3 - 16*w**2 + 21*w - 12. What is the tens digit of g(-23)?
3
Let v(w) = -w + 7. Let i be v(5). Let c(u) = u - 4. Let a be c(i). What is the units digit of (-1 + a)*4/(-3)?
4
Let l(c) = -353*c - 82. What is the tens digit of l(-5)?
8
What is the units digit of (5 - 0) + (-3 - 4543/(-7))?
1
Let c be (-1 + (-3)/(-7))*-7. Suppose c*w = -5*l, -2*w - w = -4*l. Suppose w = 3*n + 21 - 87. What is the units digit of n?
2
Let k = 731 + -436. What is the units digit of k?
5
Let f(v) = -v**3 - 12*v**2 - 12*v - 7. Suppose 13*q - 8*q = -60. What is the hundreds digit of f(q)?
1
Let p = -6 + 27